2 - 1702*j**2. Calculate k(-21).
-84
Let z(j) = 7*j**2 + 20 - j**3 + 3*j - 43 + 14. Suppose 0 = 5*b - i - 35, -b + 7 = 4*i - 9*i. Determine z(b).
12
Let i(v) = 21*v - 11*v + 43*v**3 - 29*v**3 + 7*v + 8 + 17*v**2 - 15*v**3. What is i(18)?
-10
Suppose -154 = -7*b - 56. Let p(r) = -r - 16 - 3*r + 20*r - 2*r - r**2 + r. Give p(b).
-2
Let p(l) be the third derivative of -l**6/120 - l**5/15 - l**4/12 - 2*l**3/3 - l**2. Suppose 13*v - 10*v + 228 = 0. Let x be (v/95)/(3/15). What is p(x)?
4
Let m(k) = -7*k - 19. Let v(r) = -122*r - 326. Let w(c) = -35*m(c) + 2*v(c). Give w(6).
19
Let y(t) = 101*t**2 - 189*t**2 - 7*t - 7 - 1 + 87*t**2 - 7. What is y(-7)?
-15
Let b(d) = 2*d - 3. Let l(k) = -3*k**2 - 23*k + 1. Let s be l(-7). Suppose 0*f + f = s*f. Calculate b(f).
-3
Suppose -5*l - 1 = -4*l + 3*p, -7*l = 5*p - 25. Let g(m) = m**2 + m. Let i(x) = x**3 - 2*x**2 + 4. Let n(r) = -3*g(r) + i(r). Give n(l).
-11
Let u(c) = c**2 - 2*c + 6. Suppose -8*g - 207 + 1039 = 0. Let f(h) = 48 + h + 66 - g. Let k be f(-6). Determine u(k).
14
Suppose 3*x = x - 2*h - 6, -24 = -2*x + 4*h. Let g(f) = 1. Let t(p) = -p - 13. Let c(s) = x*g(s) - t(s). What is c(-10)?
5
Let o(v) be the first derivative of 21*v**2/2 + v + 15651. Let p = -4 + 3. Determine o(p).
-20
Let b = -224 - -227. Let j(v) be the first derivative of 6 + v + 1/2*v**2. Give j(b).
4
Let f(t) = -2*t**2 - t. Let b(w) = w + 4 + 6 - 8 + 8. Let a be b(-11). Determine f(a).
-1
Let j(o) be the first derivative of 7*o**5/120 - o**4/24 - 47*o**3/3 + 50. Let u(l) be the third derivative of j(l). Give u(-1).
-8
Let r(t) = -t**2 - 25*t + 145. Let z = -1850 - -1820. Determine r(z).
-5
Let p be (48/(-9))/(-2)*(-84)/112. Let i(b) = -4*b**2 - 7*b - 1. Let k(n) = -7*n**2 - 13*n - 2. Let q(w) = 5*i(w) - 3*k(w). What is q(p)?
-3
Let x(m) = -m**3 - 8*m**2 - 19*m - 87. Suppose -87*n + 80*n = 49. What is x(n)?
-3
Suppose -3*v - 574 = -5*v. Let h(z) = -v - 6*z + 0*z + 285. Give h(-3).
16
Let w = -8507 - -8510. Let b(a) be the first derivative of -4 - w*a + 3/2*a**2. Give b(2).
3
Let x = -557 - -556. Let s(b) = 12*b**3 - 7*b**2 - 6*b - 6. Let q(v) = 25*v**3 - 15*v**2 - 13*v - 13. Let w(h) = 6*q(h) - 13*s(h). Calculate w(x).
7
Suppose -3*g = q + 4, 2*q + g = -2*g - 2. Let l(u) = 7*u**2 - 2 + 3*u - 2*u**3 + 5*u**3 - q*u**3 + 9. What is l(-6)?
25
Let s be (4 + 32)/(-6) + 22. Let o(t) = t**3 - 17*t**2 + 15*t + 15. Calculate o(s).
-1
Let d(y) be the first derivative of y**4/4 - y**3/3 + y**2/2 - 5*y + 268. Calculate d(2).
1
Suppose 13*n + 319 - 72 = 0. Let y(j) = j + 21. Let t be y(n). Let d(h) = -86*h**t - h + 87*h**2 + 10 + 4*h + 6*h. Give d(-8).
2
Let r(x) = x**2 - 12*x - 11. Let w be r(-2). Let u(g) = 3*g - 56. What is u(w)?
-5
Let g(f) = -4*f**3 - f**2 - 4*f. Let o(k) = 17*k**3 - 2*k**2 + 18*k + 22. Let q(c) = -4*g(c) - o(c). Calculate q(4).
2
Let z(l) = l**3 - 21*l**2 + 22*l - 44. Suppose 948*o + 60 = 951*o. Determine z(o).
-4
Let w(a) be the third derivative of a**6/120 - a**5/60 - 7*a**3/6 - a**2 + 608. Let j = 4 - 0. Suppose -4*b - 3 = -3*m, 2*b - j*m + 3 = -m. What is w(b)?
-7
Let r(g) = g**3 - g + 1. Let q(d) = -3*d**3 - d**2 + 5*d - 7. Let p(w) = -q(w) - 5*r(w). Let m = 10127 - 10127. What is p(m)?
2
Let f = -11905 - -11915. Let q(o) = -o**2 + 15*o - 59. Calculate q(f).
-9
Let t = 30964 - 30959. Let p(h) = 11*h - 15. What is p(t)?
40
Let v(k) = 2*k**3 + 2*k**2 + 3*k + 1. Suppose -2*r + 8 = 2*r - 2*x, 0 = 2*x + 12. Calculate v(r).
-2
Let c(i) be the second derivative of i**4/6 - 5*i**3/6 + 9*i**2/2 - 50*i - 8. Give c(6).
51
Let n(s) = s + 2. Let t be n(4). Let z(k) be the first derivative of -7/2*k**2 + 1/3*k**3 + 7*k + 73. Determine z(t).
1
Let y(w) = 2*w - 8. Let z(a) = -5*a + 17. Let n(m) = 14*y(m) + 6*z(m). Suppose -2*o - 8 - 3 + 1 = 0. Determine n(o).
0
Let u(a) = -a**3 + 6*a**2 + 7*a + 10. Let c be (80/(-48))/(1/219). Let f = -358 - c. Determine u(f).
10
Let r(x) = x**3 - 10*x**2 + 2*x + 1. Suppose -11*c + 36 = -56 - 7. What is r(c)?
-62
Let k(z) = 2*z**3 - 2*z**2 - 2*z. Let s(w) = -11*w**3 + 4*w**2 + 50*w - 6. Let y(p) = 5*k(p) + s(p). Give y(-10).
-6
Let m(v) = 13*v**2 + 5*v - 3. Let j(n) be the third derivative of -11*n**5/60 - n**4/6 + n**3/3 - 23*n**2. Let o(a) = -7*j(a) - 6*m(a). Determine o(-3).
1
Suppose -95 + 3 = 4*b. Let n(g) = g**3 + 22*g**2 - 23*g + 4. Let x be n(b). Let v(d) = -39 - 47 + 85 + 2*d - x*d**3. What is v(1)?
-3
Let b(n) be the first derivative of 7*n**2/2 + 45*n + 700. Give b(-7).
-4
Let r(n) = 100 - 310 + 93 + 16*n + 94. Determine r(2).
9
Let n(v) = 16*v + 416. Suppose -2219 = 82*b - 87. Determine n(b).
0
Let k(r) be the third derivative of -r**4/4 - 73*r**3/6 - 28*r**2. What is k(-15)?
17
Let g be (0/1)/2 - (-1 - -2). Let x(m) = -74*m**3 + 22*m**2 + 6*m - 35. Let y(o) = 24*o**3 - 7*o**2 - 2*o + 11. Let h(c) = -6*x(c) - 19*y(c). Give h(g).
12
Let r(t) = -7*t**3 + 34*t**2 + 15*t + 48. Let s(v) = -13*v**3 + 76*v**2 + 34*v + 97. Let j(w) = 5*r(w) - 3*s(w). Calculate j(15).
-6
Let c be (0 + 3/6)/(2/(-188)). Let o = 48 + c. Let m(d) be the first derivative of -5*d**4/4 - d**3/3 - d**2/2 + d - 4. Give m(o).
-6
Let g(x) = 6*x**3 - x**2 + 1. Let f be (-3)/(-12)*(54 - 58). What is g(f)?
-6
Let y be (-2)/(-5)*3445/106. Let f(q) = y*q - 2 - 5*q - 16*q - q**2 + 0*q. Suppose -3*w + 12 = -3*m, -4*w - 7 = 1. What is f(m)?
10
Let k(q) be the third derivative of -1/6*q**3 - q - 5/24*q**4 + 1/120*q**6 + 1/20*q**5 + 99*q**2 + 0. Calculate k(-4).
3
Let o(d) be the third derivative of -d**4/4 + 15*d**3/2 + 83*d**2 - 5. Calculate o(6).
9
Let o = 796 - 832. Let l(p) = 14*p + 521. Let q be l(o). Let f(v) = -2*v**2 + 33*v + 17. Give f(q).
0
Let v be (0/1)/(11 - 8). Suppose v = f - 2. Suppose 0 = 4*k + 5*m + 2, -5 = -3*k + f*k - 4*m. Let a(j) = -j**2 - 2*j - 2. Give a(k).
-5
Let o(w) be the second derivative of -w**6/240 + w**5/20 - w**4/4 + 17*w**3/6 + 12*w + 10. Let y(s) be the third derivative of o(s). Give y(8).
-18
Let y(w) = w**3 - 5*w**2 - 5*w - 7. Let i be 1 - (1 + -1 + 127). Let q be 2/(-14) - 6066/i. Suppose 0*o = -8*o + q. Calculate y(o).
-1
Let l(c) = -14*c + 18. Let r be (-12)/9*((-21)/77)/((-30)/495). Determine l(r).
102
Let a be 16/(-2*4/(-28)). Let h be 7/(8/a*7). Let g(s) = 4*s - 13. What is g(h)?
15
Suppose -3*v = -2*v - 4*f - 1, -3*f + 42 = 4*v. Let s = 16 - v. Let c(r) = 10 + r**3 - 3*r**2 - 3 + 19*r**3 - 6*r**3 - 4*r**2 - 13*r**3. Give c(s).
7
Let b(s) = -2*s - 12. Let m be b(13). Let i = -27 - m. Suppose 5*n - 4 - i = 0. Let d(q) = q**2 - 4*q - 1. What is d(n)?
-4
Let w(l) = 158*l + 15960. Let c be w(-101). Let a(s) = s + s - s + 0. Give a(c).
2
Let l(q) = -10*q + 317. Let g = 31798 - 31767. What is l(g)?
7
Let z(t) = t**2 + 0*t + 2*t - t + 1. Suppose -5*m = i - 150 + 25, -2*i + 3*m = -276. Let g = i - 136. Calculate z(g).
1
Suppose -12 + 5 = 4*i + 3*d, 0 = -5*d + 15. Let k(b) = -b - 4. Let g be k(i). Suppose g*x - 18 = 6*x. Let r(s) = -4*s - 1. Calculate r(x).
11
Let y(x) = x - 47*x - 8*x**2 + 169698 - 169699. Give y(-6).
-13
Let u be ((-424)/(-56) - 7)*14/4. Let w(s) = 6*s + 0*s**u - s**2 + 510 - 506. Let h(q) = q**3 + 4*q**2 - q + 2. Let r be h(-4). Calculate w(r).
4
Let s(u) be the first derivative of u**5/20 - u**4/6 - 2*u**3/3 + 3*u**2 + 12*u + 9. Let z(n) be the first derivative of s(n). Give z(4).
22
Let p(a) = -11*a**3 - 1 + 2 + 2*a**2 + 1037*a - 1035*a. Give p(-1).
12
Let b(s) be the first derivative of 7*s**4/12 - s**2/2 + 40*s + 44. Let q(x) be the first derivative of b(x). Let d be -2 - (-2 + (-2)/2). Calculate q(d).
6
Let v(u) = -1 - 4 + 3*u + 0. Let j = -102 + 88. Let k be -3 + j/7 - -9. Determine v(k).
7
Let q(p) = p**3 + 4*p**2 - 8*p - 5. Suppose -2*s = i - 5, -3*s - 8 = 5*i + 2. Let g be q(i). Let v(l) = g*l - 9*l**2 + 2 + l**2 - 5*l + 7*l**2. Give v(5).
2
Let g(x) be the first derivative of -x**3/3 + 17*x**2/2 - 6*x + 2220. Determine g(18).
-24
Let a(f) = f**2 + 13*f + 32. Let n be a(-6). Let t(q) = 4*q**2 + 4*q - 15. Let c(g) = -g**2 - 2*g + 4. Let w(o) = -9*c(o) - 2*t(o). Calculate w(n).
-6
Suppose 4*w = 2*y + 2742 - 2710, 31 = 2*y + 3*w. Let u(b) = 7*b**3 + 5*b**2 - 10*b + 1. Determine u(y).
57
Let u(w) be the third derivative of -w**6/120 + 7*w**5/60 + w**4/4 + 2*w**3/3 - 28*w**2 + 33. Calculate u(7).
46
Suppose -9 = 10*j - 29. Let h(l) = -160*l - l**j + 4*l**2 - 2 + 159*l. D